vided by v(-8)?
17
Suppose -44*l + 1099 = -37*l. What is the remainder when l is divided by (-2 + 140)/(2 + 0)?
19
Let t(o) = o**3 + 13*o**2 + 12*o + 3. Let i be t(-12). Suppose -3*h + 4*s = -55, -2*h + 44 = 4*s - i*s. Calculate the remainder when 83 is divided by h.
20
Suppose -499 = -3*x - 2*f, 3*x + 5*f - 627 + 122 = 0. Let p(v) = 5*v - 48. Let u be (-133)/21 + 6 + 110/6. Calculate the remainder when x is divided by p(u).
39
Suppose 4 = 4*i - 4*c + 12, -5*c = -5. Calculate the remainder when i - -99 - ((-2 - -3) + -2) is divided by 16.
3
Let u(v) = 76*v + 223. Calculate the remainder when u(-2) is divided by 21.
8
Let p = -7465 + 7468. Calculate the remainder when 392 is divided by p.
2
Let b = 1 - 5. Let q = -68 + 77. Let t = q + b. What is the remainder when 24 is divided by t?
4
Let g = 272 - 173. What is the remainder when g is divided by (10/(-3))/((74/12)/(-37))?
19
Let x(q) = -677*q - 1943. What is the remainder when 190 is divided by x(-3)?
14
Let p be 1/2*(0 + 0). Suppose -5*y + 6*y - 16 = p. Let t = -8584 + 8615. What is the remainder when t is divided by y?
15
What is the remainder when 1139 + (-84)/7 + 2 + -1 is divided by 191?
173
Suppose 0 = -0*h + 6*h - 36. What is the remainder when ((-80)/(-13) - h) + (-1218)/(-26) is divided by (6*3)/(3/2)?
11
Let g = 22 + -18. Suppose -g*q - q + 80 = 0. Suppose 0 = 36*w - 31*w - 475. What is the remainder when w is divided by q?
15
Suppose -14 - 6 = -5*d. Suppose -3*w - b + 5 = -33, d*w - 5*b - 57 = 0. Calculate the remainder when 49 is divided by w.
10
Let a = 63 + 1824. Calculate the remainder when 5667 is divided by a.
6
Suppose 4*g - 2*r - 23 = 7, -5*g = -5*r - 40. Suppose -13 = -5*v + g. Suppose -37 = -b - v. What is the remainder when b is divided by 18?
15
Suppose -13*t + 134 = -256. Suppose 7*u = 17*u - t. Calculate the remainder when u is divided by 1.
0
Calculate the remainder when (7 + 344/(-20))/((-5)/325 - 0) is divided by 42.
33
Suppose -x - 1163 = 35*w - 39*w, -3*w - 4*x + 839 = 0. What is the remainder when 866 is divided by w?
288
Calculate the remainder when 136 is divided by (8 - 4) + 1*(19 + 10).
4
Let u be -1 - 7/(-3) - 1/3. What is the remainder when 204 is divided by (242/10 - u) + (-33)/165?
20
Let j(h) = h**3 + 7*h**2 - 8*h + 10. Let b(s) = 3 + s**2 - 32*s - 33*s + 60*s. Calculate the remainder when j(-8) is divided by b(5).
1
Suppose -3*k = -5*y + 19, 2*y = -13*k + 8*k + 20. Suppose -v - 78 = -2*v - y*h, -2*v + 140 = 2*h. What is the remainder when v is divided by 23?
22
Calculate the remainder when 447 is divided by 11 + 1065/20 - (-6)/(-24).
63
Let z(u) = -u**3 + 5*u**2 + u - 4. Suppose 224*s - 251*s + 1269 = 0. Calculate the remainder when s is divided by z(4).
15
Let o(w) = w**3 + 16*w**2 - 14*w - 166. Calculate the remainder when o(-16) is divided by 30/4 - (-14)/28.
2
Let z(f) = -33*f + 16. Let d(m) = 11*m - 5. Let r(o) = 7*d(o) + 2*z(o). What is the remainder when -21 + -12*(-261)/54 is divided by r(2)?
18
Let a(b) = 3*b**2 + 250*b - 1165. Calculate the remainder when 146 is divided by a(-88).
12
Let x(q) = -q**3 + 7*q**2 - q + 3. Let m = -483 + 488. Suppose 0 = -4*h + 5*t + 119, h + 0*t - 2*t - 32 = 0. Calculate the remainder when x(m) is divided by h.
22
Let w = 449 - 369. Suppose -83*d = -w*d - 216. Calculate the remainder when d is divided by 32.
8
Let q = -39713 + 39729. Suppose -3*l - 21 = -3*w, 0 = 2*w + 3*l - 9 - 0. Suppose w = 3*f, -3*x = -x - f - 56. What is the remainder when x is divided by q?
13
Suppose -4*u = 3*b - 926, -3*u + 18*b = 15*b - 684. Let p = u - 154. Let q = -39 - -59. Calculate the remainder when p is divided by q.
16
Let i = 3405 + -3113. What is the remainder when i is divided by 140?
12
Calculate the remainder when 492 is divided by -1 + 14 + 2449/31.
32
Suppose 3*u = h + h - 3, -h = -5*u + 2. Suppose -2*q + 3 = -u. Suppose -36 - 324 = -30*s. What is the remainder when s is divided by q?
0
Let p(c) = 875*c**3 - 4*c**2 - 214*c + 216. Calculate the remainder when p(1) is divided by 388.
97
Suppose -2*p + 162 = p. Suppose 3*i - 76 = -16*i. What is the remainder when p is divided by 30/i*(-120)/(-45)?
14
Let q(j) = 6*j**2 + 12*j**2 - 1 - 6*j**2 + 8*j. What is the remainder when q(-4) is divided by 23?
21
Let y(l) = -2*l + 52. Suppose 3*c = -2*m + 55, -3*c + 2*m + 0*m = -35. Calculate the remainder when 87 is divided by y(c).
21
Calculate the remainder when 415 is divided by (-10)/(-9)*10/50 + (-35248)/(-144).
170
Let c = 5 + -3. Suppose 0 = -15*a - 6096 + 7656. Suppose c*q = a + 14. What is the remainder when q is divided by 12?
11
Let p = -10929 + 11099. Calculate the remainder when 802 is divided by p.
122
Let s(z) = 9*z - 331. Suppose 0*p = 5*k - p - 482, -94 = -k + p. What is the remainder when k is divided by s(39)?
17
Suppose -4*t + 96 = y, -1663*y - 204 = -1665*y - 5*t. Let v(x) = -10*x + 5. Let s be v(-10). Calculate the remainder when y is divided by 3059/s - (-4)/(-30).
25
Suppose 11*d - 299 + 255 = 0. What is the remainder when (-336)/4*(-3)/d is divided by 17?
12
Suppose 0 = f + 3*p + 10, -5*f - 3*p + 15 - 5 = 0. Calculate the remainder when 105/12*(-1 - -5) is divided by f.
0
Suppose -328 = -i - 4*d, 4*i - 246 = -2*d + 1150. What is the remainder when i is divided by 155?
42
Suppose -896*o = -925*o + 5162. Calculate the remainder when o is divided by 46.
40
Suppose 18*b + 22 = 616. Let j(i) = 11*i + 1. Let l = 7 - 6. What is the remainder when b is divided by j(l)?
9
Suppose -123 = -5*j - 5*d + 142, 289 = 5*j - 3*d. Calculate the remainder when 903 is divided by j.
7
What is the remainder when (-303)/(-404) - (-426)/8 is divided by 14/(-1)*(0 + -1)?
12
Let i = 38142 - 38123. Let k(v) = -v**3 - 6*v**2 + v + 3. Let d be k(-6). Let h = d + 10. Calculate the remainder when i is divided by h.
5
Let b(o) = -o - 2. Let l be b(-3). Let x be 13 - (0 + l)/(-1). Suppose 9*u - x*u + 550 = 0. What is the remainder when u is divided by 19?
15
Let j(u) = u + 2. Let i be j(7). Let w = i - -103. Let t = -25 + w. Calculate the remainder when t is divided by 22.
21
Let j(u) = -15*u + 5. Let m = 750 - 594. Calculate the remainder when m is divided by j(-2).
16
Let z(s) = s**3 + 7*s**2 + s - 1. Let v = -110 + 112. Suppose o - 5*c - 21 = 0, -v*c + 14 = -0*o + o. What is the remainder when z(-6) is divided by o?
13
Let t(f) = -f**2 + 8*f - 8. Let c be t(7). Let b = -1239 + 1332. What is the remainder when (c/(-3))/(1/b) is divided by 11?
9
Let s = 13048 + -12931. Suppose 0 = -5*c + 3*x + 7, 5*c - 11 = -2*x + 6*x. Calculate the remainder when s is divided by 72/(-15)*5/c.
21
Suppose -4*l + 49 = -111. Suppose -140 = -3*w + 3*n + 85, -5*n - 95 = -w. Suppose -45*b + w = -l*b. Calculate the remainder when 25 is divided by b.
11
Let v = 5274 + -5145. What is the remainder when 172 is divided by v?
43
Let d(f) = 7*f + 468. Calculate the remainder when 1071 is divided by d(-45).
0
Let t(w) = 5*w + 122. Calculate the remainder when 309 is divided by t(-20).
1
Let m(y) = 7*y**2 - 99*y + 32. What is the remainder when 30 is divided by m(14)?
12
Let y = 12491 - 12485. Calculate the remainder when 4971 is divided by y.
3
Let q = -219 - -229. Calculate the remainder when 140 is divided by q.
0
Suppose -18*t - 1427 = 697. Let z = 161 + t. Calculate the remainder when z is divided by 16.
11
Suppose -3*l = 22*l + 3375. Let v = -127 - l. Calculate the remainder when v is divided by ((-2)/4)/((-1)/6).
2
Let y(t) = 344*t - 3764. Calculate the remainder when 439 is divided by y(11).
19
Let g(y) be the third derivative of -5*y**4/12 - 17*y**3/3 - 12*y**2. Let j be g(-4). Suppose 233 = j*x - 43. What is the remainder when x is divided by 8?
6
Suppose i - 11 = -5*f, -13*f + 29 = -i - 10*f. Let c(o) = -o**3 - 14*o**2 + 2*o + 43. What is the remainder when 119 is divided by c(i)?
14
Let z = 6 + 3. Suppose -3*n + 3*d - 2*d = -198, -5*n - 3*d = -330. Let a = 98 - n. Calculate the remainder when a is divided by z.
5
Suppose 112*h - 456 = 1112. What is the remainder when 579 is divided by h?
5
Let d = -32 - -41. Let t(n) = 3*n**2 - 24*n + 5. Calculate the remainder when 51 is divided by t(d).
19
Suppose -5*w + 2*f + 20557 = 0, w - 1048 - 3043 = -3*f. Calculate the remainder when w is divided by 19.
5
Suppose 4*t + 4*t - 204 = -26*t. Calculate the remainder when 41*